-h**2 + 11*h + 45. What is the tens digit of b(12)?
3
Let k(n) = 12*n**2 + 10*n - 13. What is the hundreds digit of k(-7)?
5
Suppose 12*n - 14*n = 0. Suppose -5*z - 4*u + 985 = n, 0 = -5*z + 3*u + 274 + 711. What is the hundreds digit of z?
1
What is the thousands digit of (-36)/(-5)*(-156740)/(-272)?
4
Let o(n) = -n + 6. Let j(q) = q**2 - 8*q - 5. Let c be j(9). Let d be o(c). Suppose -3*v + h - 3*h + 3 = 0, d*h = 0. What is the units digit of v?
1
Let i(h) = 5*h**3 + h**2 + 1. Let q be 1/(((-3)/(-2))/3). Let o be i(q). Let t = 95 - o. What is the units digit of t?
0
Suppose 9*t = -14*t + 6417. What is the tens digit of t?
7
Let a(o) = -1 + 29*o + 11 - 2 + 2. What is the tens digit of a(2)?
6
Suppose -4*a = -6*a + 4*d - 4, -28 = -2*a - 4*d. Suppose -a*g = -0*g. Suppose g = 5*o - 8*o + 33. What is the units digit of o?
1
Let g be 25 + (-6 + 3)/3. Suppose 3*d = -0*d - g. What is the units digit of d*(-3)/(4 + -1)?
8
Let h(m) = -4*m - 1. Let j be h(-5). Let f = 21 - j. Suppose -2*g = l - 21, -f*g + 8 = 5*l - 25. What is the units digit of g?
9
Let l(u) = -20*u - 186. What is the hundreds digit of l(-22)?
2
Let m(j) = 3*j**2 + 36*j - 20. What is the tens digit of m(-20)?
6
Let y = 26 - 22. Suppose 5*z - y*z = 78. Suppose -2*v + z = 12. What is the units digit of v?
3
Let i(h) = h**2 + 11*h - 21. Let m = -29 + 11. What is the units digit of i(m)?
5
Let d = 27 - 33. Let h = 4 + d. Let x(q) = -2*q**3 - 2*q**2 - 2*q - 4. What is the units digit of x(h)?
8
Suppose 11*i = 2*i + 18. Suppose -i*a + w = -2*w - 155, -a = 4*w - 83. What is the tens digit of a?
7
Let f = -20 - -24. What is the units digit of (10*(-1)/f)/(4/(-312))?
5
Let d be 1*-2 + 558/(-18). What is the hundreds digit of (374/d)/((-1)/18)?
2
Suppose 5*d + 4*h = 10*d - 12595, 4*d - 10077 = 3*h. What is the thousands digit of d?
2
Let s(b) be the third derivative of b**4/8 + b**3/3 + 5*b**2. Let q be s(3). Suppose 2*o = 4*n + 28, 5*n + q = 2*o - o. What is the tens digit of o?
1
Suppose 30*h + 27336 = 97*h. What is the units digit of h?
8
Suppose 8*o + 20 = 3*o. Let i be 4 + -2 - (o + 2). Suppose 2*s + 17 = i*d - 21, 3*d - 56 = -4*s. What is the tens digit of d?
1
Let n(t) = -t**3 + 2*t**2 - 3*t - 1. Let q be n(-3). Suppose 0 = -3*c + 46 + q. Let b = 49 - c. What is the tens digit of b?
1
Let x(l) = -63*l - 16. What is the hundreds digit of x(-24)?
4
Let n = -2240 - -3188. What is the hundreds digit of n?
9
Suppose -2*b - 3*q + 16 = 0, 2 - 20 = -4*b + q. Suppose 467 - 22 = b*x. Suppose 4*p - 4*t = x - 29, 0 = 5*p + t - 75. What is the units digit of p?
5
Let g(n) = -n - 11. Let l be g(-13). Suppose -3*h + l*m = -74, -5*h + 97 = 5*m + 7. What is the units digit of h?
2
Let h = -391 + 589. What is the tens digit of (-1)/(-3)*(h + -15)?
6
Suppose 3*o - 1576 = 2*k, 2*o = -0*k + k + 1050. Suppose 4*b = -2*x + o, 0*x - b - 1075 = -4*x. What is the hundreds digit of x?
2
Let a(k) be the third derivative of -6*k**2 - 5/12*k**4 + 0 - 1/60*k**5 + 0*k - 3/2*k**3. What is the units digit of a(-8)?
7
Suppose p - 236 = 5*p. Let c = 21 + p. What is the tens digit of (c/2 + 1)*-1?
1
Let d(g) be the third derivative of g**4/24 - 13*g**3/6 - 4*g**2. What is the units digit of d(14)?
1
Suppose 3*t - 1564 = 644. What is the hundreds digit of t?
7
Let k(j) = 14*j - 15. Suppose 4*y + 0*y = -3*q + 10, 4*y + 14 = q. What is the units digit of k(q)?
9
Suppose g = 5*g - 48. Suppose 3*k = -0 - g. What is the tens digit of 12 - ((k - -3) + 2)?
1
Let r(v) = -51*v**3 + 5*v**2 + 14*v + 4. What is the units digit of r(-3)?
4
Suppose -5*v - 2*u - u + 26257 = 0, 2*v = 5*u + 10478. What is the hundreds digit of v?
2
Let a = -27 + 31. Suppose 4*z = a*v - 464, 562 = 5*v + z + 3*z. Suppose 0 = 2*t - 0*t - v. What is the tens digit of t?
5
Suppose 2*b - 72 = 6*b. Let g(f) = -f**2 - 22*f - 16. Let y be g(b). What is the units digit of y/21*48/2?
4
Let x = 10 + -4. Suppose 0 = 2*g - 4*g + x. Suppose -32 = -2*y - a, -4*y - g*a = -3*y - 26. What is the tens digit of y?
1
Let o(b) be the second derivative of -b**3/2 + b**2 + 24*b. What is the units digit of o(-1)?
5
What is the hundreds digit of 20955/15 - ((-12)/1)/(-3)?
3
Suppose 2*s + 7*u - 3*u = 1710, -2*s + 1706 = 2*u. What is the hundreds digit of s?
8
What is the units digit of 7093/7 - 6/63*3?
3
Let t = 1704 - 1155. Suppose -3*k = -5*u - t, -3*k = -2*u - u - 549. What is the units digit of k?
3
Let h be 14 - 0/(-2 - -1). Let b be (2 - (-6)/3)*1. Suppose -h - b = -2*n. What is the units digit of n?
9
Suppose -5*f = 3*o - 631, -2*f - o + 125 = -f. Suppose 0 = -4*r - f + 24. Let t = r + 43. What is the tens digit of t?
1
Let g(c) = -92 + c**3 - 3*c**2 + 11*c**2 + 0*c + 5*c + 104. What is the units digit of g(-7)?
6
Let c(t) = 50*t + 13. Let a be c(6). Let l = -21 + a. What is the units digit of l?
2
Let m(d) = 6*d**2 - 18*d + 115. What is the hundreds digit of m(-9)?
7
Suppose -4*h + 2 = -5*w, -2*w - 2 = -0*w - 2*h. Suppose w*f + 188 = 3*f. What is the units digit of f?
8
Suppose 2*k = 2*r + 124, -2*k - 5*r + 47 + 56 = 0. Suppose -k = -2*y - y + 5*d, 0 = -4*y - 4*d + 132. What is the tens digit of y?
2
Let g = 40 + 9. Suppose -2*c + g = -41. What is the tens digit of c?
4
Suppose 2*l - l - 5*v - 1398 = 0, 5592 = 4*l - 5*v. What is the hundreds digit of l?
3
Suppose 0 = 2*s + 5*o - 166, -4*o + 227 = 3*s - 2*o. Let f(z) = -5*z + 27. Let u be f(13). Let v = u + s. What is the units digit of v?
5
Let b be (-3)/(-2)*-219*4/6. Let c = 308 + b. What is the units digit of c?
9
Let l = -316 - -999. What is the units digit of l?
3
What is the tens digit of 27*13/(91/525)?
2
Let i = 1528 - 75. Suppose -577 = -14*t + i. What is the tens digit of t?
4
Suppose 2307 = 15*b - 2328. What is the hundreds digit of b?
3
Suppose -4249 = 24*j - 23209. What is the units digit of j?
0
Let j(a) = a**2 - 3*a - 34. Let o(b) = -b**2 + 2*b + 34. Let f(m) = 5*j(m) + 4*o(m). What is the units digit of f(15)?
6
Suppose 2*i + 36 = 2*v, -3*i - 3 = v - 1. Let x(q) = -15 + v + 3 - 2*q + q**2 + 13 + q**3. What is the units digit of x(0)?
4
Suppose -2*l = -l. Let j = -7 - -7. Suppose -4*m + l + 4 = j. What is the units digit of m?
1
Let k(l) = l**3 - 26*l**2 - 2*l - 40. What is the hundreds digit of k(27)?
6
Let g(s) = -8*s**2 - 2*s + 193. What is the hundreds digit of g(0)?
1
Suppose -h - 5*a = -500, -5*h + 3*a + 4162 = 1718. What is the hundreds digit of h?
4
Suppose 0 = 3*x + 7*x - 3150. What is the tens digit of x?
1
Suppose 0 = -2*k + 2, 0 = -2*j - 3*j + 2*k + 343. Suppose 3*v - j = -0*v. What is the units digit of v?
3
Suppose 2*q = -5*t - 90, -4*q - 194 = 5*t - 2*t. Let f = 120 - q. What is the tens digit of f?
7
What is the hundreds digit of 9/6 + 76067/58?
3
Let m be 2/8 + 99/(-12). Let z = -120 - -135. Let y = z + m. What is the units digit of y?
7
Let v(z) = -z**2 - 2*z + 2. Let i be v(-2). Let p(j) = -i*j + j + 6 + 3*j. What is the units digit of p(0)?
6
Suppose 2*c - 4*n = 196, 2*n + 522 = -23*c + 28*c. What is the units digit of c?
6
Let n be 0*2/4*(-37)/(-37). Suppose -3*k + 222 = 3*p + 2*p, -4*k - 3*p + 307 = n. What is the tens digit of k?
7
Suppose 137 = 6*d - 565. Suppose d = -2*s + 5*s. What is the tens digit of s?
3
Suppose -3*i + 508 = -2*i. What is the tens digit of i?
0
Let w = 78 - 74. Suppose 0 = -x - j + 187, 0 = -3*x + w*j - 5*j + 567. What is the hundreds digit of x?
1
Suppose -60*f + 74*f - 44618 = 0. What is the units digit of f?
7
Suppose -41*a + 1011 = -38*a. Let m = a - 118. What is the tens digit of m?
1
Suppose 0 = 21*v - 5 - 289. What is the units digit of v?
4
Let s(b) = -b + 18. Let o = 21 - 15. Suppose -o*c = -5*c. What is the tens digit of s(c)?
1
Let j be ((-4)/16)/(4/(-16)). Let m be ((-33)/12)/(j/8). Let u = m - -41. What is the units digit of u?
9
Let p = 56 + -53. Suppose -4*j - 3*n = -264, -j - p*j = -5*n - 296. What is the tens digit of j?
6
Let v(x) = -x**3 - x**2 + x - 4. Let s be v(-3). Let t(g) = -g. Let y(b) = 14*b - 8. Let n(l) = 12*t(l) + y(l). What is the tens digit of n(s)?
1
Let s = 37 + -100. What is the units digit of s*(4/(-2) - -1)?
3
Suppose -10*u + 6*u + 3859 = -3*a, 5*a - 15 = 0. What is the units digit of u?
7
Suppose -3*l + 516 = -14*o + 15*o, -3*o + 2*l = -1493. What is the units digit of o?
1
Let j(p) = 5*p**2 + p + 1. Let m be j(-1). Let l(i) 